 of 13 + 96250/(-1 + 15)?
8
Let f(w) = -2*w**3 - 4*w**2 - w - 4. Let a be (-1)/1 - (7 - 5). Let h be a/(-1) - 0 - (-12)/(-2). What is the tens digit of f(h)?
1
Suppose w = -2*h + 110, 0*w - 3*h = -5*w + 524. Let p = 384 - 468. Let u = w - p. What is the tens digit of u?
9
Let v = -16777 + 26303. What is the tens digit of v?
2
Suppose -2*z + 154 + 198 = 0. Let v = z - 18. Suppose -v = -2*n - 3*x, 0 = -3*x - 11 - 1. What is the tens digit of n?
8
Suppose 2*w = -6*w - 120. What is the tens digit of ((-10)/w)/2*1041?
4
Suppose -3*w - 3515 = -5*m, -15*m - 2*w = -10*m - 3515. Let i = m - 259. What is the units digit of i?
4
Let x = 27 + 183. Suppose -4*k + m = -x, -4*k + k = 3*m - 165. What is the units digit of k?
3
Let i(p) = -1055*p + 72. Let u be i(-6). Suppose -u = -5*q - q. What is the tens digit of q?
6
Let p(w) = w**3 + 7*w**2 + w - 12. Let z be p(-5). Suppose 2 = 2*a - 3*y + 11, 5*y + z = -2*a. What is the tens digit of (-1548)/a - (5 - -1)/(-2)?
7
Let y = 41 - 33. Suppose y*x - 272 - 360 = 0. Let u = x + -2. What is the tens digit of u?
7
Let v(n) be the first derivative of n**5/20 - 7*n**4/12 + n**3 + 7*n**2/2 - 3*n + 5. Let f(l) be the first derivative of v(l). What is the tens digit of f(7)?
4
Suppose 5 + 7 = -b + 4*m, -5*b - 5*m = -65. What is the tens digit of 10848/b*(-2)/(-8)?
3
Suppose -4*l + 8 = -3*f + 7*f, 2*f + 5*l - 1 = 0. What is the tens digit of 130/f*924/56?
1
Suppose 28*d + 22 + 34 = 0. What is the hundreds digit of 8340/32 - (d - 13/(-8))?
2
Let i = -54933 + 94806. What is the units digit of i?
3
Let l(i) = i**3 + 14*i**2 + 15. Let y be l(-14). Suppose -y*z = -13*z - 232. Let k = 324 - z. What is the tens digit of k?
0
Let v(k) = 875*k**3 - 5*k**2 + 21*k - 27. What is the units digit of v(2)?
5
Suppose -8*z + 64 - 8 = 0. Suppose 1460 + 976 = z*t. What is the units digit of t?
8
Suppose -28*n = -22*n - 24732. What is the tens digit of n?
2
Suppose m = b - 227, -34*b = -3*m - 36*b - 706. Let s = m - -1026. What is the hundreds digit of s?
7
What is the units digit of (-98 - -4)/((-7)/35*(-7)/(-553))?
0
Let t(u) be the second derivative of 13*u**4/12 - u**3/3 - 63*u**2/2 - 84*u - 1. What is the units digit of t(-9)?
8
Let h(o) = 10*o**2 - 24*o. Let f = 613 + -622. What is the thousands digit of h(f)?
1
Let p be (-21)/14 - (-1)/2. Let m(q) = -196*q**3 - q - 2. Let u be m(p). Let k = -99 + u. What is the tens digit of k?
9
Suppose -j + 9298 = 5*t, -2*j = t - 1314 - 551. Suppose -2*w + 3683 = i, -27*i + t = w - 23*i. What is the hundreds digit of w?
8
Suppose -4*j + 43268 = -2*r, -3*r = 2*j - 6*r - 21622. What is the ten thousands digit of j?
1
Suppose -10*n = -11*n + 277. Let u = -142 + n. What is the units digit of u?
5
Suppose 0 = -2*y + l + 49801, y - 3*l - 10467 - 14436 = 0. Suppose 0 = 62*f - 37*f - y. What is the units digit of f?
6
Let g = 822 - 1584. Let z = 1315 + g. What is the units digit of z?
3
Let r be 2/(((-1)/(-5))/(49/70)). Suppose 0*q - 2324 = -r*q. What is the units digit of q?
2
Let i be -3*(-30)/(-20)*2/(-9). What is the units digit of ((-135)/90)/(i/(-274))?
1
Suppose 0 = 74*r - 4099156 + 1586930. What is the units digit of r?
9
Let f(y) = 2*y**3 - 17*y**2 - 39*y + 2091. What is the thousands digit of f(34)?
9
Let j(i) = -2*i**3 + 7*i**2 + 5*i + 4. Suppose 0 = -4*f - 26 - 202. Let g = f - -54. What is the hundreds digit of j(g)?
1
Let w be (-115)/35 + 10/35. Let z(h) = -103*h - 34. Let q be z(w). Let m = -66 + q. What is the hundreds digit of m?
2
Let h = 84 - 36. Suppose -44*a - 740 = -h*a. Let b = a + -72. What is the units digit of b?
3
Suppose -p = k + 2, 4*k - 3*p - 13 + 42 = 0. What is the tens digit of (-363)/k + -2 + (-14)/(-10)?
7
Let r = 25467 + -6850. What is the thousands digit of r?
8
Suppose 22*r - 162357 - 292251 = 0. What is the tens digit of (5/10)/(9/r)?
4
What is the thousands digit of 2291 + 24/(-4) + 3 + 8?
2
Let u(c) = -644*c**3 + 8*c**2 + 20*c + 34. What is the ten thousands digit of u(-3)?
1
Let l(f) = 4*f**3 + 8*f**2 + 9*f - 34. What is the thousands digit of l(6)?
1
Let t(u) = 320*u**2 - 57*u - 73. What is the tens digit of t(-11)?
7
What is the thousands digit of (-122)/(1/(-53)*2) - (-47 - -43)?
3
Let p = -64 - -201. Suppose -p*k = -139*k + 1260. What is the tens digit of k?
3
Let s(h) = -8*h**2 - 17*h**2 + 14*h - 445694 + h**3 + 445740. What is the units digit of s(25)?
6
Let n(o) = -1108*o + 20. Let k be n(-3). Suppose -57*i = -65*i + k. What is the hundreds digit of i?
4
Let y(l) be the first derivative of 2*l**3 + 3*l**2 + 2*l - 2. Let u(h) = 15*h - 64. Let m be u(4). What is the units digit of y(m)?
4
Suppose 23490 + 46622 = 16*x. Suppose x = -16*z + 23*z. What is the units digit of z?
6
Let g = -2181 - -1198. Let i = 1446 + g. What is the hundreds digit of i?
4
Let r be (7/2)/(-7)*60. Let s = -24 - r. Suppose 3*k + 98 - s = y, k = 3*y - 268. What is the units digit of y?
9
Let i(c) = 548*c + 256. Let a be i(18). Suppose -140*h + 130*h + a = 0. What is the units digit of h?
2
Let t be (-6136)/(-65)*(-20)/28 + (-3)/(-7). Let x be (-902)/(-4) + 1/2. Let s = x + t. What is the units digit of s?
9
Let o be 6/10 + (253/(-55) - -8). Suppose o*i - 2038 = -82. What is the units digit of i?
9
Let q be -1 + 730/150 - (-2)/15. Suppose 4*j + 163 = 4*n - 1489, -3*n + 1260 = q*j. What is the tens digit of n?
1
Suppose -5*q + c = -20, 3 = -4*q - c + 10. Suppose -5*t - 3*l + 236 = l, 3*t - 140 = -4*l. Let x = t - q. What is the units digit of x?
5
Let n = 2554 + 3250. Suppose -4*q + n = d + 2158, 4*q - 3638 = -5*d. What is the hundreds digit of q?
9
Suppose 3*i + 5*w - 7*w = 0, -i + 2*w = 0. Let n(l) = -2*l - 64. Let k(x) = -1. Let h(p) = 3*k(p) - n(p). What is the units digit of h(i)?
1
Let o(l) = l**2 + 8*l. Let w be o(-8). Let g(u) = u**3 - 24*u**2 - 1. Let c be g(24). What is the units digit of (c/(3/(-102) - w))/2?
7
Suppose -17*n - 20 = -7*n. Let f(p) = 8*p**3 + p**2 - 3*p - 1. Let r be f(n). What is the tens digit of 18/8*(1 - r)?
2
Suppose 0 = 8*g + 2*g - 710. Let u = 178 - g. Suppose 0 = 5*t + 2*r - 205, r + r + u = 3*t. What is the tens digit of t?
3
Let x be 26 + -22 - (-1 - 4/(-2)). Suppose 4*y - 334 = -x*w - 76, 0 = -5*y + 4*w + 307. Suppose -4*f + y = -f. What is the tens digit of f?
2
Let i(r) = -31*r**2 + 9*r + 15860. What is the tens digit of i(0)?
6
Suppose 2*i - 4*s = 3480, -i + 4*i + 4*s - 5180 = 0. Suppose 2 = 6*p - i. What is the tens digit of p?
8
What is the units digit of -3 + (-546072)/(-39) + 4/26?
9
Let j be (-1)/(-3) - (5235/(-9) - 2). Suppose 4*p = 1616 + j. What is the hundreds digit of p?
5
Let m be -1 + -1 - 32/(-16). Suppose 4*g - 2*j + 3*j - 1445 = m, 2*g = 3*j + 705. Suppose 0 = -4*s + x + g, 2*x = -s + 4*s - 275. What is the units digit of s?
9
Suppose 0 = 15*c + 16 - 91. Suppose h - 103 = 5*i, c*h + 255 - 770 = i. What is the units digit of h?
3
Suppose 31*q = 17*q + b + 428686, -4*b = 5*q - 153137. What is the ten thousands digit of q?
3
Let k be (0 - (-615)/12) + 11/(-44). Let j = k - -176. What is the units digit of j?
7
Let o be -148*1*(-2)/(-2). Let y = 104 - 397. Let z = o - y. What is the tens digit of z?
4
Let g(y) = -169*y - 31. Let w be g(4). Let x = w + 1016. What is the units digit of x?
9
Suppose -14*x + 8 = -10*x. Suppose -4*z + x*p + 512 = 0, 2*z - 140 = 5*p + 116. Let k = z - 30. What is the tens digit of k?
9
Suppose -16 = -2*t + 52. Suppose 102 = q + t. Let c = 185 - q. What is the tens digit of c?
1
Suppose -12083 = -3*s - 2609. What is the tens digit of s?
5
Suppose -623631 = -97*l + 581012. What is the thousands digit of l?
2
Let y = 331 + 45. Suppose 3*z - y - 650 = 0. Suppose 3*p - z = -3*s, 4*p - 2*p = s + 234. What is the tens digit of p?
1
Let n be (1 - 518/8)*4. Let g = 446 + n. Suppose 71 = -f + g. What is the units digit of f?
0
What is the thousands digit of 51/459 - (1256660/18)/(-5)?
3
Let u = -42 + 45. Suppose -u*j + 6 = -3*p, -3*p - 5 = j - 15. Suppose 514 = j*x - 3*y + 71, 0 = 4*y + 20. What is the units digit of x?
7
Suppose 2*v - f - 54657 = 0, -138786 = -5*v + 2*f - 2146. What is the tens digit of v?
2
Let z(r) = r + 13. Let x be z(-3). Suppose -846 - 5224 = -x*b. What is the units digit of b?
7
Suppose -7932 = 3*t - 3*j, 3*t - 427 + 8345 = -4*j. Let n be 21/(-27) + 1 - t/18. What is the tens digit of (n/6 - 